atest common factor of 1703 and q.
13
Suppose -30*r = 3*c - 26*r - 2396, 0 = 3*c + 5*r - 2395. Calculate the highest common factor of 50 and c.
50
Let a be 5 + -7 + (-8)/(-1). Suppose -4*g - a = -2*g. Let f be (-8)/(-18)*-6*g. What is the greatest common factor of f and 64?
8
Let u be ((-308)/(-42) - 5)/(2/1044). Calculate the highest common divisor of 116 and u.
58
Suppose -20*i + 16*i + 4*j = -4972, 4*i - j = 4987. Calculate the greatest common factor of i and 39.
39
Suppose -6*h + 11*h = -5*f + 120, -3*h = 4*f - 98. Suppose -3*t + t = -78. What is the greatest common divisor of f and t?
13
Let j(v) = 17*v + 128. Let x be j(-4). What is the greatest common divisor of x and 1100?
20
Suppose -10*f = -13*f + 12, 3*d = 3*f + 75. Calculate the greatest common factor of 725 and d.
29
Suppose 2*j - 8618 = -7728. Calculate the highest common divisor of j and 5.
5
Let s(g) = g**3 + g + 1. Let p(j) = -3*j**3 + 11*j**2 - 15*j + 1. Let b(v) = p(v) + 2*s(v). Let o be b(6). Calculate the greatest common factor of o and 70.
35
Let o be 7*6/((-9)/(-3)). Let z = -3009 - -3058. Calculate the greatest common factor of z and o.
7
Let c be (11/(-3))/((-7)/(-42)). Let t = 31 + c. Let l = 140 + -41. What is the greatest common divisor of l and t?
9
Suppose 0 = 3*j - 4 - 14. Let n be (101 + -1)*(7 + (-36)/j). Let z be (0 - -20)/(2/4). What is the highest common divisor of n and z?
20
Let n be ((-1296)/(-270))/((-4)/(-10)). Calculate the greatest common divisor of 16 and n.
4
Let y(g) = -7*g**3 - 13*g**2 - 16*g + 12. Let j be y(-6). What is the highest common divisor of j and 96?
96
Suppose 0 = -4*n + 2*h + 68, -4*n = n - 5*h - 85. Let d(i) = -33*i - 48. Let a be d(-3). Calculate the greatest common divisor of n and a.
17
Suppose -1695 = -11*n - 45. What is the highest common factor of n and 30?
30
Suppose u = -u + 108. Suppose -k + 4*v + 4 - 2 = 0, 3*k - 5*v = 41. Let n = k + 59. What is the highest common divisor of n and u?
27
Let r be (-6)/9*(-1 - 2). Let n be (16/(-6))/(29/(-174)). Calculate the highest common divisor of n and r.
2
Suppose -l = 4*d - 0*d - 54, d = l + 11. Suppose 5*t - 185 = -2*b, -5*t + 202 - 22 = 3*b. What is the highest common factor of t and d?
13
Let s be (-16 + -13)*(-2)/2. What is the highest common divisor of s and 464?
29
Let w(s) be the first derivative of s**4/4 + 3*s**3 + 7*s**2/2 - 17*s - 8. Let o be w(-7). What is the greatest common divisor of 288 and o?
32
Let h = 182 - 172. Calculate the highest common divisor of 830 and h.
10
Suppose -11*w - 5*w = -48. Suppose 5 = w*b - 16. What is the greatest common divisor of 49 and b?
7
Suppose 84 = 2*y - 3*d, -d - 50 = -y - 6. What is the highest common factor of 84 and y?
12
Suppose 32*q = 48*q - 5440. What is the greatest common divisor of q and 15?
5
Suppose 0 = z + 3*r - 905, -5*z + 5*r + 4689 - 184 = 0. What is the highest common factor of z and 41?
41
Let l be ((-15)/(-6))/(4 + (-125)/30). Let x = 30 + l. What is the highest common factor of 30 and x?
15
Suppose -5*x - 204 = 191. Let r be x/(-2) - 3/(-6). Suppose 272 = 18*t + 16*t. What is the greatest common divisor of r and t?
8
Suppose -13 = -3*l + 2, 14 = -3*y + 4*l. Let p = y - -4. What is the greatest common divisor of p and 66?
6
Suppose 3*s + 108 = 4*u, -38 - 60 = -3*u - 2*s. Let j be ((-196)/(-105)*-3)/((-4)/u). What is the greatest common divisor of j and 14?
14
Suppose 5*d = -k + 262, 132 = 5*d - k - 126. Calculate the greatest common divisor of d and 442.
26
Let l(i) = -i + 22. Let f be l(11). Let m(d) = -d**2 + 11*d + 2. Let x be m(f). Calculate the highest common divisor of 2 and x.
2
Let i(z) = 5*z + 1. Let f be i(3). Suppose -7 = y - 5*k - 19, 2*y - 4*k - 18 = 0. Suppose -y*p + 75 = -261. What is the greatest common factor of p and f?
16
Suppose -40 = 4*x - 5*d, x - 8 = -2*d - 31. Let o be -6*(40/x)/1. What is the greatest common divisor of 24 and o?
8
Let t be (-2 - -28) + -1 + -3. Let i = -12 + t. What is the greatest common divisor of i and 90?
10
Let w be 0/(9/(3/(-1))). Suppose w*m = -3*m + 12. Let t be 6/m*34/3. What is the highest common factor of t and 153?
17
Let c be 12/10*2000/150. Let n = 81 - 33. What is the greatest common divisor of c and n?
16
Suppose -2*x + 25 = -45. Calculate the highest common divisor of 315 and x.
35
Suppose -3608 = -13*g - 1632. Let u = 113 - 75. Calculate the greatest common divisor of u and g.
38
Let q = 1113 - 752. Suppose 279 = 3*a - u, -3*a - 5*u = -7*a + q. Suppose 18 = -l + a. What is the greatest common factor of 19 and l?
19
Let q(r) = -r + 6*r + 10 - r**3 + 6*r**2 - 14. Suppose -c - c + 40 = 5*b, -5*b + 20 = -2*c. Let u be q(b). Calculate the greatest common factor of u and 26.
26
Suppose -2*v + 2*y = 2*v - 30, -3*v = -2*y - 20. Suppose v*d - 11 = 19. Calculate the greatest common divisor of d and 39.
3
Let u be 62 - 36/9 - 4. Calculate the greatest common divisor of 234 and u.
18
Let z be 11/(110/100) - -5. Calculate the highest common divisor of 65 and z.
5
Let u = -203 - -263. Calculate the highest common factor of u and 210.
30
Suppose 2*z + q - 99 = -2*z, 4*z - 5*q - 81 = 0. Let t be (-28 + z)*10/(-4). What is the greatest common divisor of t and 10?
10
Let x = -22 - -25. Let c(i) = 50*i + 3. Let y be c(x). Calculate the highest common divisor of 17 and y.
17
Let n(t) = 3*t**2 - 42*t + 171. Let m be n(5). Suppose 5*d - 85 = 95. What is the highest common factor of d and m?
36
Let a be (5 + (-33)/6)*-6. Calculate the highest common divisor of 3 and a.
3
Suppose 0 = -3*z + 61 + 44. Calculate the greatest common factor of 175 and z.
35
Let c = 26 + -34. Let y = c - -13. Suppose 6*t - 36 = y*t. What is the highest common factor of 12 and t?
12
Let i = -357 - -432. Calculate the greatest common divisor of 175 and i.
25
Let u be (-11)/((-99)/216)*94/6. Calculate the highest common factor of 32 and u.
8
Let x = 39 + 153. Suppose s - x = -s. What is the highest common factor of 24 and s?
24
Let p = 175 - 119. Suppose 3*j = y + p, 4*y - 8 = -j - y. Let s be 7/(7/j) + -2. Calculate the highest common divisor of 2 and s.
2
Let w = 915 + -1750. Let u be w/(-20) + (-1)/(-4). What is the highest common factor of 14 and u?
14
Suppose 0 = r - 3*i - 2, r - 3 + 1 = -5*i. Suppose 0 = r*b - 95 - 31. Let q = b - 35. Calculate the highest common factor of q and 7.
7
Let v = -13 + 45. Let a = v + 23. Let x(r) = r**2 + 6*r + 15. Let w be x(-7). What is the highest common factor of a and w?
11
Suppose -3*g - 63 = -243. Calculate the highest common factor of g and 100.
20
Let r(a) = 3*a**2 + 5*a - 20. Let h be r(-4). What is the highest common divisor of h and 88?
8
Let g = 124 + -104. Let c = g + -12. Let y = -35 - -75. What is the highest common divisor of y and c?
8
Suppose 0 = -14*z - 5905 + 22481. What is the highest common factor of z and 32?
32
Suppose 4*y - 269 = -77. What is the highest common factor of 60 and y?
12
Suppose -c + 5*c - 96 = 0. What is the highest common factor of c and 36?
12
Let z = 13 - -16. Let o = 23 - z. Let v be 261*((-8)/o)/4. Calculate the highest common factor of 58 and v.
29
Let z = -257 + 308. Calculate the highest common divisor of z and 68.
17
Let k(m) be the third derivative of 0*m + m**2 - 3/8*m**4 + m**3 + 1/60*m**5 + 0. Let u be k(9). What is the greatest common factor of u and 15?
3
Suppose -22 - 27 = -b. Let q(o) = 3*o**2 + 2. Let h be q(-2). Calculate the highest common divisor of b and h.
7
Suppose -10*y = 5*m - 7*y - 205, 0 = -4*m - 5*y + 177. Calculate the greatest common divisor of m and 494.
38
Suppose -5*v - 13 = -z - 67, -2*v - z = -23. Let q = -5 + v. Suppose 6 = d + d. What is the highest common divisor of q and d?
3
Let p be ((-6)/(-8))/(1/8). Let k(n) = -14*n**2 + 118*n**2 - 50*n**2. Let r be k(-1). Calculate the highest common divisor of p and r.
6
Let m be 95/(-7 - (-4 - (-3 - -7))). What is the greatest common divisor of 1805 and m?
95
Let m = -19 - -59. Suppose 0*j - m = -4*j. Suppose -8*p - 6 = -j*p. What is the highest common divisor of p and 1?
1
Let v be (-3)/(6/(-58)) + 1 + -3. Suppose -h = -v - 94. What is the greatest common divisor of 11 and h?
11
Let k = 349 + -320. What is the highest common factor of 667 and k?
29
Suppose 5*z - 480 = a, a - 5 = 2*a. Suppose z + 73 = 2*t. Calculate the greatest common factor of t and